{"id":27,"date":"2014-02-19T09:28:48","date_gmt":"2014-02-19T09:28:48","guid":{"rendered":"http:\/\/jugend.mvfichtenberg.de\/?page_id=27"},"modified":"2026-04-01T13:35:36","modified_gmt":"2026-04-01T11:35:36","slug":"kontakt","status":"publish","type":"page","link":"http:\/\/jugend.mvfichtenberg.de\/?page_id=27","title":{"rendered":"Kontakt"},"content":{"rendered":"<div class=\"fcbkbttn_buttons_block\" id=\"fcbkbttn_middle\"><div class=\"fb-share-button  \" data-href=\"http:\/\/jugend.mvfichtenberg.de\/?page_id=27\" data-type=\"button\" data-size=\"small\"><\/div><\/div><p><strong>Jugendleiterin<\/strong><br \/>\nJanina Schramm<br \/>\nHauptstra\u00dfe 6<br \/>\n74427 Fichtenberg<br \/>\njugendleitung@mvfichtenberg.de<\/p>\n<p><strong>stellvertretende Jugendleiterin<br \/>\n<\/strong>Daniela Kurz<br \/>\nKroppachstra\u00dfe 12<br \/>\n74427 Fichtenberg-Mittelrot<\/p>\n<p><strong>Assistenz<br \/>\n<\/strong>Hannes Fritz<br \/>\nNeven Kurz<\/p>\n<p><a href=\"http:\/\/www.mvfichtenberg.de\/?page_id=2702\" target=\"_blank\" rel=\"noopener noreferrer\">Impressum<\/a><br \/>\n<a href=\"http:\/\/www.mvfichtenberg.de\/?page_id=1401\" target=\"_blank\" rel=\"noopener noreferrer\"><span style=\"font-size: 15px; font-weight: 300;\">Datenschutzerkl\u00e4rung<\/span><\/a><\/p>\n","protected":false},"excerpt":{"rendered":"<p>Jugendleiterin Janina Schramm Hauptstra\u00dfe 6 74427 Fichtenberg jugendleitung@mvfichtenberg.de stellvertretende Jugendleiterin Daniela Kurz Kroppachstra\u00dfe 12 74427 Fichtenberg-Mittelrot Assistenz Hannes Fritz Neven Kurz Impressum Datenschutzerkl\u00e4rung<\/p>\n","protected":false},"author":1,"featured_media":0,"parent":0,"menu_order":0,"comment_status":"closed","ping_status":"closed","template":"","meta":{"ngg_post_thumbnail":0,"footnotes":""},"class_list":["post-27","page","type-page","status-publish","hentry"],"_links":{"self":[{"href":"http:\/\/jugend.mvfichtenberg.de\/index.php?rest_route=\/wp\/v2\/pages\/27","targetHints":{"allow":["GET"]}}],"collection":[{"href":"http:\/\/jugend.mvfichtenberg.de\/index.php?rest_route=\/wp\/v2\/pages"}],"about":[{"href":"http:\/\/jugend.mvfichtenberg.de\/index.php?rest_route=\/wp\/v2\/types\/page"}],"author":[{"embeddable":true,"href":"http:\/\/jugend.mvfichtenberg.de\/index.php?rest_route=\/wp\/v2\/users\/1"}],"replies":[{"embeddable":true,"href":"http:\/\/jugend.mvfichtenberg.de\/index.php?rest_route=%2Fwp%2Fv2%2Fcomments&post=27"}],"version-history":[{"count":13,"href":"http:\/\/jugend.mvfichtenberg.de\/index.php?rest_route=\/wp\/v2\/pages\/27\/revisions"}],"predecessor-version":[{"id":6428,"href":"http:\/\/jugend.mvfichtenberg.de\/index.php?rest_route=\/wp\/v2\/pages\/27\/revisions\/6428"}],"wp:attachment":[{"href":"http:\/\/jugend.mvfichtenberg.de\/index.php?rest_route=%2Fwp%2Fv2%2Fmedia&parent=27"}],"curies":[{"name":"wp","href":"https:\/\/api.w.org\/{rel}","templated":true}]}}

<div class="fcbkbttn_buttons_block" id="fcbkbttn_middle"><div class="fb-share-button  " data-href="http://jugend.mvfichtenberg.de/?page_id=27" data-type="button" data-size="small"></div></div><p><strong>Jugendleiterin</strong><br />
Janina Schramm<br />
Hauptstraße 6<br />
74427 Fichtenberg<br />
jugendleitung@mvfichtenberg.de</p>
<p><strong>stellvertretende Jugendleiterin<br />
</strong>Daniela Kurz<br />
Kroppachstraße 12<br />
74427 Fichtenberg-Mittelrot</p>
<p><strong>Assistenz<br />
</strong>Hannes Fritz<br />
Neven Kurz</p>
<p><a href="http://www.mvfichtenberg.de/?page_id=2702" target="_blank" rel="noopener noreferrer">Impressum</a><br />
<a href="http://www.mvfichtenberg.de/?page_id=1401" target="_blank" rel="noopener noreferrer"><span style="font-size: 15px; font-weight: 300;">Datenschutzerklärung</span></a></p>

<p>Jugendleiterin Janina Schramm Hauptstraße 6 74427 Fichtenberg jugendleitung@mvfichtenberg.de stellvertretende Jugendleiterin Daniela Kurz Kroppachstraße 12 74427 Fichtenberg-Mittelrot Assistenz Hannes Fritz Neven Kurz Impressum Datenschutzerklärung</p>
