{"id":5282,"date":"2019-08-12T23:15:45","date_gmt":"2019-08-12T21:15:45","guid":{"rendered":"http:\/\/jugend.mvfichtenberg.de\/?page_id=5282"},"modified":"2019-08-18T18:30:19","modified_gmt":"2019-08-18T16:30:19","slug":"blaeserklasse","status":"publish","type":"page","link":"http:\/\/jugend.mvfichtenberg.de\/?page_id=5282","title":{"rendered":"Bl\u00e4serklasse"},"content":{"rendered":"<div class=\"fcbkbttn_buttons_block\" id=\"fcbkbttn_middle\"><div class=\"fb-share-button  \" data-href=\"http:\/\/jugend.mvfichtenberg.de\/?page_id=5282\" data-type=\"button\" data-size=\"small\"><\/div><\/div><p>Als im Jahr 1998, das Gemeinschaftsprojekt \u201eBl\u00e4serklasse\u201c zwischen der Grund- und Hauptschule Fichtenberg und dem Musikverein Fichtenberg ins Leben gerufen wurde, suchte es in Vereins- und p\u00e4dagogischen Kreisen seinesgleichen. Entsprechend gro\u00df war das Interesse in der Region. Dabei stand ein ganz einfaches Prinzip hinter der Sache: In einer freiwilligen Arbeitsgemeinschaft erhalten Sch\u00fcler der vierten Grundschulklasse Gelegenheit au\u00dferhalb des Musikunterrichts ein Instrument zu erlernen. Das Engagement von Mark P\u00f6thig, der die Blechbl\u00e4ser ausbildet, und Uwe Traub als Fachlehrer f\u00fcr die Klarinettenausbildung, wurde von dem damaligen Rektor der Schule, Helmut Stroh, nachhaltig unterst\u00fctzt und gef\u00f6rdert.<br \/>\nDer Schwerpunkt der Ausbildung liegt auf dem spielerischen Erlernen von Kinderliedern, Volksliedern und bekannten Melodien, die bei den kleinen Musikern Freude an der Musik und am Instrument wecken und erhalten soll. Von jedem Jahrgang beteiligen sich etwa 10 Sch\u00fcler an dem Projekt. Fast die H\u00e4lfte eines Jahrgangs setzt anschlie\u00dfend seine Ausbildung in der Jugend des Musikvereins. F\u00fcr den Musikverein ist die Bl\u00e4serklasse damit zur wichtigsten S\u00e4ule in der Nachwuchswerbung geworden. Die Zusammenarbeit zwischen Verein, Schule, der Schulleitung und den Lehrern war von Anfang an sehr positiv. Diese Harmonie findet ihre Best\u00e4tigung beim j\u00e4hrlichen Abschlusskonzert der Bl\u00e4serklasse vor den Sommerferien. Bei diesergemeinsamen Veranstaltung wirken Bl\u00e4serklasse, Rhythmuskurs undGrundschulchor zusammen. Die Idee f\u00fcr diesen musikalischen, wie auch f\u00fcr alle Beteiligten unterhaltsamen H\u00f6hepunkt zum Schuljahresabschluss stammt von Chorleiterin und Musiklehrerin Martina Langbein.<\/p>\n<p style=\"text-align: center;\"><a href=\"http:\/\/jugend.mvfichtenberg.de\/wp-content\/uploads\/2019\/08\/blaeserklasse.jpg\"><img loading=\"lazy\" decoding=\"async\" class=\"aligncenter wp-image-5000 size-large\" src=\"http:\/\/jugend.mvfichtenberg.de\/wp-content\/uploads\/2019\/08\/blaeserklasse.jpg\" alt=\"\" width=\"530\" height=\"351\"><\/a><\/p>\n<p>Zwischenzeitlich sind die Musikelfen der ersten Bl\u00e4serklassen in das gro\u00dfe Ensemble des Musikvereins eingegliedert und integriert. Ihr Engagement geht auch innerhalb des Vereins weit \u00fcber den musikalischen Einsatz hinaus. Mit gro\u00dfem Eifer organisieren sich die Jugendlichen in einem Jugendausschuss weitgehend selbst und erlernen dabei auch Sinn und Zweck eines ehrenamtlichen Engagements. Die Existenz des Vereins scheint damit auf lange Sicht gesichert \u2013 eine wirklich beneidenswerte Situation f\u00fcr den Musikverein in der heutigen Zeit.<\/p>\n<p>Nach nun \u00fcber 20 Jahren, das 20 j\u00e4hrige Jubil\u00e4um wurde 2018 gefeiert, haben ca. 250 Sch\u00fcler in dieser Zeit das Spielen eines Instrumentes im Musikverein erlernt.<\/p>\n<p style=\"text-align: center;\"><a href=\"http:\/\/jugend.mvfichtenberg.de\/wp-content\/uploads\/2019\/08\/blaeserklasse1-2.jpg\"><img loading=\"lazy\" decoding=\"async\" class=\"aligncenter wp-image-5000 size-large\" src=\"http:\/\/jugend.mvfichtenberg.de\/wp-content\/uploads\/2019\/08\/blaeserklasse1-2.jpg\" alt=\"\" width=\"480\" height=\"350\"><\/a><\/p>\n","protected":false},"excerpt":{"rendered":"<p>Als im Jahr 1998, das Gemeinschaftsprojekt \u201eBl\u00e4serklasse\u201c zwischen der Grund- und Hauptschule Fichtenberg und dem Musikverein Fichtenberg ins Leben gerufen wurde, suchte es in Vereins- und p\u00e4dagogischen Kreisen seinesgleichen. Entsprechend gro\u00df war das Interesse in der Region. Dabei stand ein <a class=\"more-link\" href=\"http:\/\/jugend.mvfichtenberg.de\/?page_id=5282\">weiterlesen  <span class=\"screen-reader-text\">  Bl\u00e4serklasse<\/span><span class=\"meta-nav\">&rarr;<\/span><\/a><\/p>\n","protected":false},"author":5,"featured_media":0,"parent":0,"menu_order":0,"comment_status":"open","ping_status":"closed","template":"","meta":{"ngg_post_thumbnail":0,"footnotes":""},"class_list":["post-5282","page","type-page","status-publish","hentry"],"_links":{"self":[{"href":"http:\/\/jugend.mvfichtenberg.de\/index.php?rest_route=\/wp\/v2\/pages\/5282","targetHints":{"allow":["GET"]}}],"collection":[{"href":"http:\/\/jugend.mvfichtenberg.de\/index.php?rest_route=\/wp\/v2\/pages"}],"about":[{"href":"http:\/\/jugend.mvfichtenberg.de\/index.php?rest_route=\/wp\/v2\/types\/page"}],"author":[{"embeddable":true,"href":"http:\/\/jugend.mvfichtenberg.de\/index.php?rest_route=\/wp\/v2\/users\/5"}],"replies":[{"embeddable":true,"href":"http:\/\/jugend.mvfichtenberg.de\/index.php?rest_route=%2Fwp%2Fv2%2Fcomments&post=5282"}],"version-history":[{"count":9,"href":"http:\/\/jugend.mvfichtenberg.de\/index.php?rest_route=\/wp\/v2\/pages\/5282\/revisions"}],"predecessor-version":[{"id":5332,"href":"http:\/\/jugend.mvfichtenberg.de\/index.php?rest_route=\/wp\/v2\/pages\/5282\/revisions\/5332"}],"wp:attachment":[{"href":"http:\/\/jugend.mvfichtenberg.de\/index.php?rest_route=%2Fwp%2Fv2%2Fmedia&parent=5282"}],"curies":[{"name":"wp","href":"https:\/\/api.w.org\/{rel}","templated":true}]}}

Bläserklasse

<div class="fcbkbttn_buttons_block" id="fcbkbttn_middle"><div class="fb-share-button  " data-href="http://jugend.mvfichtenberg.de/?page_id=5282" data-type="button" data-size="small"></div></div><p>Als im Jahr 1998, das Gemeinschaftsprojekt „Bläserklasse“ zwischen der Grund- und Hauptschule Fichtenberg und dem Musikverein Fichtenberg ins Leben gerufen wurde, suchte es in Vereins- und pädagogischen Kreisen seinesgleichen. Entsprechend groß war das Interesse in der Region. Dabei stand ein ganz einfaches Prinzip hinter der Sache: In einer freiwilligen Arbeitsgemeinschaft erhalten Schüler der vierten Grundschulklasse Gelegenheit außerhalb des Musikunterrichts ein Instrument zu erlernen. Das Engagement von Mark Pöthig, der die Blechbläser ausbildet, und Uwe Traub als Fachlehrer für die Klarinettenausbildung, wurde von dem damaligen Rektor der Schule, Helmut Stroh, nachhaltig unterstützt und gefördert.<br />
Der Schwerpunkt der Ausbildung liegt auf dem spielerischen Erlernen von Kinderliedern, Volksliedern und bekannten Melodien, die bei den kleinen Musikern Freude an der Musik und am Instrument wecken und erhalten soll. Von jedem Jahrgang beteiligen sich etwa 10 Schüler an dem Projekt. Fast die Hälfte eines Jahrgangs setzt anschließend seine Ausbildung in der Jugend des Musikvereins. Für den Musikverein ist die Bläserklasse damit zur wichtigsten Säule in der Nachwuchswerbung geworden. Die Zusammenarbeit zwischen Verein, Schule, der Schulleitung und den Lehrern war von Anfang an sehr positiv. Diese Harmonie findet ihre Bestätigung beim jährlichen Abschlusskonzert der Bläserklasse vor den Sommerferien. Bei diesergemeinsamen Veranstaltung wirken Bläserklasse, Rhythmuskurs undGrundschulchor zusammen. Die Idee für diesen musikalischen, wie auch für alle Beteiligten unterhaltsamen Höhepunkt zum Schuljahresabschluss stammt von Chorleiterin und Musiklehrerin Martina Langbein.</p>
<p style="text-align: center;"><a href="http://jugend.mvfichtenberg.de/wp-content/uploads/2019/08/blaeserklasse.jpg"><img loading="lazy" decoding="async" class="aligncenter wp-image-5000 size-large" src="http://jugend.mvfichtenberg.de/wp-content/uploads/2019/08/blaeserklasse.jpg" alt="" width="530" height="351"></a></p>
<p>Zwischenzeitlich sind die Musikelfen der ersten Bläserklassen in das große Ensemble des Musikvereins eingegliedert und integriert. Ihr Engagement geht auch innerhalb des Vereins weit über den musikalischen Einsatz hinaus. Mit großem Eifer organisieren sich die Jugendlichen in einem Jugendausschuss weitgehend selbst und erlernen dabei auch Sinn und Zweck eines ehrenamtlichen Engagements. Die Existenz des Vereins scheint damit auf lange Sicht gesichert – eine wirklich beneidenswerte Situation für den Musikverein in der heutigen Zeit.</p>
<p>Nach nun über 20 Jahren, das 20 jährige Jubiläum wurde 2018 gefeiert, haben ca. 250 Schüler in dieser Zeit das Spielen eines Instrumentes im Musikverein erlernt.</p>
<p style="text-align: center;"><a href="http://jugend.mvfichtenberg.de/wp-content/uploads/2019/08/blaeserklasse1-2.jpg"><img loading="lazy" decoding="async" class="aligncenter wp-image-5000 size-large" src="http://jugend.mvfichtenberg.de/wp-content/uploads/2019/08/blaeserklasse1-2.jpg" alt="" width="480" height="350"></a></p>

<p>Als im Jahr 1998, das Gemeinschaftsprojekt „Bläserklasse“ zwischen der Grund- und Hauptschule Fichtenberg und dem Musikverein Fichtenberg ins Leben gerufen wurde, suchte es in Vereins- und pädagogischen Kreisen seinesgleichen. Entsprechend groß war das Interesse in der Region. Dabei stand ein <a class="more-link" href="http://jugend.mvfichtenberg.de/?page_id=5282">weiterlesen  <span class="screen-reader-text">  Bläserklasse</span><span class="meta-nav">&rarr;</span></a></p>
